{"id":9837,"date":"2024-06-25T17:24:06","date_gmt":"2024-06-25T15:24:06","guid":{"rendered":"https:\/\/www.demokratie-geschichte.de\/index.php\/?page_id=9837"},"modified":"2026-04-07T10:23:59","modified_gmt":"2026-04-07T08:23:59","slug":"team","status":"publish","type":"page","link":"https:\/\/www.demokratie-geschichte.de\/index.php\/team\/","title":{"rendered":"Das Team der Gesch\u00e4ftsstelle"},"content":{"rendered":"\n<p>Die Gesch\u00e4ftsstelle ist Ansprechpartner in allen Fragen der laufenden Stiftungsarbeit. Kontaktieren Sie uns bei Fragen zu Projektantr\u00e4gen, Veranstaltungen, unseren Arbeitsschwerpunkten und Angeboten. <\/p>\n\n\n\n<p>Die Gesch\u00e4ftsr\u00e4ume der Stiftung sind in der Deutschen Nationalbibliothek am Standort Frankfurt am Main untergebracht. Frankfurt am Main ist ein Schl\u00fcsselort der deutschen Demokratiegeschichte. So entwarf das erste gesamtdeutsche Parlament 1848\/49 in der Frankfurter Paulskirche eine freiheitliche Verfassung.<\/p>\n\n\n\n<h2 class=\"wp-block-heading\">Direktion<\/h2>\n\n\n\n<div class=\"wp-block-media-text is-stacked-on-mobile\"><figure class=\"wp-block-media-text__media\"><img loading=\"lazy\" decoding=\"async\" width=\"1024\" height=\"682\" src=\"https:\/\/www.demokratie-geschichte.de\/wp-content\/uploads\/2024\/10\/DSC01136-1024x682.jpg\" alt=\"\" class=\"wp-image-10834 size-full\" srcset=\"https:\/\/www.demokratie-geschichte.de\/wp-content\/uploads\/2024\/10\/DSC01136-1024x682.jpg 1024w, https:\/\/www.demokratie-geschichte.de\/wp-content\/uploads\/2024\/10\/DSC01136-300x200.jpg 300w, https:\/\/www.demokratie-geschichte.de\/wp-content\/uploads\/2024\/10\/DSC01136-768x512.jpg 768w, https:\/\/www.demokratie-geschichte.de\/wp-content\/uploads\/2024\/10\/DSC01136-1536x1024.jpg 1536w, https:\/\/www.demokratie-geschichte.de\/wp-content\/uploads\/2024\/10\/DSC01136-2048x1365.jpg 2048w, https:\/\/www.demokratie-geschichte.de\/wp-content\/uploads\/2024\/10\/DSC01136-1200x800.jpg 1200w, https:\/\/www.demokratie-geschichte.de\/wp-content\/uploads\/2024\/10\/DSC01136-720x480.jpg 720w\" sizes=\"auto, (max-width: 1024px) 100vw, 1024px\" \/><\/figure><div class=\"wp-block-media-text__content\">\n<p><strong>Dr. Kai-Michael Sprenger<\/strong><br>Direktor<br><a href=\"mailto:s.flathus@dnb.de\">c.goehler@dnb.de<\/a><\/p>\n<\/div><\/div>\n\n\n\n<p><\/p>\n\n\n\n<div class=\"wp-block-media-text is-stacked-on-mobile\"><figure class=\"wp-block-media-text__media\"><img loading=\"lazy\" decoding=\"async\" width=\"1024\" height=\"718\" src=\"https:\/\/www.demokratie-geschichte.de\/wp-content\/uploads\/2026\/03\/097A2597-e1772632071774-1024x718.jpg\" alt=\"\" class=\"wp-image-13311 size-full\" srcset=\"https:\/\/www.demokratie-geschichte.de\/wp-content\/uploads\/2026\/03\/097A2597-e1772632071774-1024x718.jpg 1024w, https:\/\/www.demokratie-geschichte.de\/wp-content\/uploads\/2026\/03\/097A2597-e1772632071774-300x210.jpg 300w, https:\/\/www.demokratie-geschichte.de\/wp-content\/uploads\/2026\/03\/097A2597-e1772632071774-768x538.jpg 768w, https:\/\/www.demokratie-geschichte.de\/wp-content\/uploads\/2026\/03\/097A2597-e1772632071774-1536x1077.jpg 1536w, https:\/\/www.demokratie-geschichte.de\/wp-content\/uploads\/2026\/03\/097A2597-e1772632071774-2048x1435.jpg 2048w\" sizes=\"auto, (max-width: 1024px) 100vw, 1024px\" \/><\/figure><div class=\"wp-block-media-text__content\">\n<p><strong>Claudia G\u00f6hler<br><\/strong>Assistenz der Direktion<br>069 1525 1254<br><a href=\"mailto:s.flathus@dnb.de\">c.goehler@dnb.de<\/a><\/p>\n<\/div><\/div>\n\n\n\n<h2 class=\"wp-block-heading\">Programm<\/h2>\n\n\n\n<div class=\"wp-block-media-text is-stacked-on-mobile\"><figure class=\"wp-block-media-text__media\"><img loading=\"lazy\" decoding=\"async\" width=\"1024\" height=\"673\" src=\"https:\/\/www.demokratie-geschichte.de\/wp-content\/uploads\/2024\/06\/DB-e1768820349939-1024x673.jpg\" alt=\"\" class=\"wp-image-9842 size-full\" srcset=\"https:\/\/www.demokratie-geschichte.de\/wp-content\/uploads\/2024\/06\/DB-e1768820349939-1024x673.jpg 1024w, https:\/\/www.demokratie-geschichte.de\/wp-content\/uploads\/2024\/06\/DB-e1768820349939-300x197.jpg 300w, https:\/\/www.demokratie-geschichte.de\/wp-content\/uploads\/2024\/06\/DB-e1768820349939-768x505.jpg 768w, https:\/\/www.demokratie-geschichte.de\/wp-content\/uploads\/2024\/06\/DB-e1768820349939-1536x1010.jpg 1536w, https:\/\/www.demokratie-geschichte.de\/wp-content\/uploads\/2024\/06\/DB-e1768820349939.jpg 2004w\" sizes=\"auto, (max-width: 1024px) 100vw, 1024px\" \/><\/figure><div class=\"wp-block-media-text__content\">\n<p><strong>David Barth<br><\/strong>Projektf\u00f6rderung<br>069 1525 1252<br><a href=\"mailto:d.barth@dnb.de\" target=\"_blank\" rel=\"noreferrer noopener\">d.barth@dnb.de<\/a><\/p>\n<\/div><\/div>\n\n\n\n<p><\/p>\n\n\n\n<div class=\"wp-block-media-text is-stacked-on-mobile\"><figure class=\"wp-block-media-text__media\"><img loading=\"lazy\" decoding=\"async\" width=\"1024\" height=\"688\" src=\"https:\/\/www.demokratie-geschichte.de\/wp-content\/uploads\/2025\/01\/Avatar-1024x688-1.png\" alt=\"\" class=\"wp-image-11127 size-full\" srcset=\"https:\/\/www.demokratie-geschichte.de\/wp-content\/uploads\/2025\/01\/Avatar-1024x688-1.png 1024w, https:\/\/www.demokratie-geschichte.de\/wp-content\/uploads\/2025\/01\/Avatar-1024x688-1-300x202.png 300w, https:\/\/www.demokratie-geschichte.de\/wp-content\/uploads\/2025\/01\/Avatar-1024x688-1-768x516.png 768w\" sizes=\"auto, (max-width: 1024px) 100vw, 1024px\" \/><\/figure><div class=\"wp-block-media-text__content\">\n<p><strong>Pia Herzan<br><\/strong>Historisch-politische Bildung und Kommunikation<br>069 1525 1257<br><a href=\"mailto:p.herzan@dnb.de\" target=\"_blank\" rel=\"noreferrer noopener\">p.herzan@dnb.de<\/a><\/p>\n<\/div><\/div>\n\n\n\n<p><\/p>\n\n\n\n<div class=\"wp-block-media-text is-stacked-on-mobile\"><figure class=\"wp-block-media-text__media\"><img loading=\"lazy\" decoding=\"async\" width=\"1024\" height=\"705\" src=\"https:\/\/www.demokratie-geschichte.de\/wp-content\/uploads\/2026\/04\/097A2535-e1775550228420-1024x705.jpg\" alt=\"\" class=\"wp-image-13483 size-full\" srcset=\"https:\/\/www.demokratie-geschichte.de\/wp-content\/uploads\/2026\/04\/097A2535-e1775550228420-1024x705.jpg 1024w, https:\/\/www.demokratie-geschichte.de\/wp-content\/uploads\/2026\/04\/097A2535-e1775550228420-300x206.jpg 300w, https:\/\/www.demokratie-geschichte.de\/wp-content\/uploads\/2026\/04\/097A2535-e1775550228420-768x528.jpg 768w, https:\/\/www.demokratie-geschichte.de\/wp-content\/uploads\/2026\/04\/097A2535-e1775550228420-1536x1057.jpg 1536w, https:\/\/www.demokratie-geschichte.de\/wp-content\/uploads\/2026\/04\/097A2535-e1775550228420-2048x1409.jpg 2048w\" sizes=\"auto, (max-width: 1024px) 100vw, 1024px\" \/><\/figure><div class=\"wp-block-media-text__content\">\n<p><strong>Ansgar Kemmann<br><\/strong>Tag der Demokratiegeschichte<br>069 15251269<br><a href=\"mailto:a.kemmann@dnb.de\">a.kemmann@dnb.de<\/a><\/p>\n<\/div><\/div>\n\n\n\n<p><\/p>\n\n\n\n<div class=\"wp-block-media-text is-stacked-on-mobile\"><figure class=\"wp-block-media-text__media\"><img loading=\"lazy\" decoding=\"async\" width=\"1024\" height=\"700\" src=\"https:\/\/www.demokratie-geschichte.de\/wp-content\/uploads\/2026\/02\/097A2511-e1770045817701-1024x700.jpg\" alt=\"\" class=\"wp-image-13075 size-full\" srcset=\"https:\/\/www.demokratie-geschichte.de\/wp-content\/uploads\/2026\/02\/097A2511-e1770045817701-1024x700.jpg 1024w, https:\/\/www.demokratie-geschichte.de\/wp-content\/uploads\/2026\/02\/097A2511-e1770045817701-300x205.jpg 300w, https:\/\/www.demokratie-geschichte.de\/wp-content\/uploads\/2026\/02\/097A2511-e1770045817701-768x525.jpg 768w, https:\/\/www.demokratie-geschichte.de\/wp-content\/uploads\/2026\/02\/097A2511-e1770045817701-1536x1049.jpg 1536w, https:\/\/www.demokratie-geschichte.de\/wp-content\/uploads\/2026\/02\/097A2511-e1770045817701-2048x1399.jpg 2048w\" sizes=\"auto, (max-width: 1024px) 100vw, 1024px\" \/><\/figure><div class=\"wp-block-media-text__content\">\n<p><strong>Paula Riechardt<br><\/strong>Digitalstrategie und Content Managment<br>069 1525 1253<br><a href=\"mailto:p.riechardt@dnb.de\" target=\"_blank\" rel=\"noreferrer noopener\">p.riechardt@dnb.de<\/a><\/p>\n<\/div><\/div>\n\n\n\n<p><\/p>\n\n\n\n<h2 class=\"wp-block-heading\">Verwaltung<\/h2>\n\n\n\n<div class=\"wp-block-media-text is-stacked-on-mobile\"><figure class=\"wp-block-media-text__media\"><img loading=\"lazy\" decoding=\"async\" width=\"1024\" height=\"675\" src=\"https:\/\/www.demokratie-geschichte.de\/wp-content\/uploads\/2026\/03\/097A2655-e1773050595204-1024x675.jpg\" alt=\"\" class=\"wp-image-13329 size-full\" srcset=\"https:\/\/www.demokratie-geschichte.de\/wp-content\/uploads\/2026\/03\/097A2655-e1773050595204-1024x675.jpg 1024w, https:\/\/www.demokratie-geschichte.de\/wp-content\/uploads\/2026\/03\/097A2655-e1773050595204-300x198.jpg 300w, https:\/\/www.demokratie-geschichte.de\/wp-content\/uploads\/2026\/03\/097A2655-e1773050595204-768x506.jpg 768w, https:\/\/www.demokratie-geschichte.de\/wp-content\/uploads\/2026\/03\/097A2655-e1773050595204-1536x1012.jpg 1536w, https:\/\/www.demokratie-geschichte.de\/wp-content\/uploads\/2026\/03\/097A2655-e1773050595204-2048x1349.jpg 2048w\" sizes=\"auto, (max-width: 1024px) 100vw, 1024px\" \/><\/figure><div class=\"wp-block-media-text__content\">\n<p><strong>Carsten M\u00e4nnlein<br><\/strong>Verwaltungsleitung<br>069 1525-1264<br><a href=\"mailto:C.Maennlein@dnb.de\">c.maennlein@dnb.de<\/a><\/p>\n<\/div><\/div>\n\n\n\n<p><\/p>\n\n\n\n<div class=\"wp-block-media-text is-stacked-on-mobile\"><figure class=\"wp-block-media-text__media\"><img loading=\"lazy\" decoding=\"async\" width=\"1024\" height=\"688\" src=\"https:\/\/www.demokratie-geschichte.de\/wp-content\/uploads\/2025\/01\/Avatar-1024x688-1.png\" alt=\"\" class=\"wp-image-11127 size-full\" srcset=\"https:\/\/www.demokratie-geschichte.de\/wp-content\/uploads\/2025\/01\/Avatar-1024x688-1.png 1024w, https:\/\/www.demokratie-geschichte.de\/wp-content\/uploads\/2025\/01\/Avatar-1024x688-1-300x202.png 300w, https:\/\/www.demokratie-geschichte.de\/wp-content\/uploads\/2025\/01\/Avatar-1024x688-1-768x516.png 768w\" sizes=\"auto, (max-width: 1024px) 100vw, 1024px\" \/><\/figure><div class=\"wp-block-media-text__content\">\n<p><strong>Katrina Woolf<br><\/strong>Leitende Sachbearbeitung<br>069 1525 1255<br><a href=\"mailto:k.woolf@dnb.de\">k.woolf@dnb.de<\/a><\/p>\n<\/div><\/div>\n\n\n\n<p><\/p>\n\n\n\n<div class=\"wp-block-media-text is-stacked-on-mobile\"><figure class=\"wp-block-media-text__media\"><img loading=\"lazy\" decoding=\"async\" width=\"1024\" height=\"676\" src=\"https:\/\/www.demokratie-geschichte.de\/wp-content\/uploads\/2026\/03\/097A2576-e1773050666541-1024x676.jpg\" alt=\"\" class=\"wp-image-13331 size-full\" srcset=\"https:\/\/www.demokratie-geschichte.de\/wp-content\/uploads\/2026\/03\/097A2576-e1773050666541-1024x676.jpg 1024w, https:\/\/www.demokratie-geschichte.de\/wp-content\/uploads\/2026\/03\/097A2576-e1773050666541-300x198.jpg 300w, https:\/\/www.demokratie-geschichte.de\/wp-content\/uploads\/2026\/03\/097A2576-e1773050666541-768x507.jpg 768w, https:\/\/www.demokratie-geschichte.de\/wp-content\/uploads\/2026\/03\/097A2576-e1773050666541-1536x1014.jpg 1536w, https:\/\/www.demokratie-geschichte.de\/wp-content\/uploads\/2026\/03\/097A2576-e1773050666541-2048x1353.jpg 2048w\" sizes=\"auto, (max-width: 1024px) 100vw, 1024px\" \/><\/figure><div class=\"wp-block-media-text__content\">\n<p><strong>Dana Eicker<\/strong><br>Sachbearbeitung<br>069 1525-1262<br><a href=\"mailto:D.Eicker@dnb.de\">d.eicker@dnb.de<\/a><\/p>\n<\/div><\/div>\n\n\n\n<p><\/p>\n\n\n\n<div class=\"wp-block-media-text is-stacked-on-mobile\"><figure class=\"wp-block-media-text__media\"><img loading=\"lazy\" decoding=\"async\" width=\"1024\" height=\"712\" src=\"https:\/\/www.demokratie-geschichte.de\/wp-content\/uploads\/2026\/02\/097A2497_Protrait_Flathus-e1770045710737-1024x712.jpg\" alt=\"\" class=\"wp-image-13072 size-full\" srcset=\"https:\/\/www.demokratie-geschichte.de\/wp-content\/uploads\/2026\/02\/097A2497_Protrait_Flathus-e1770045710737-1024x712.jpg 1024w, https:\/\/www.demokratie-geschichte.de\/wp-content\/uploads\/2026\/02\/097A2497_Protrait_Flathus-e1770045710737-300x209.jpg 300w, https:\/\/www.demokratie-geschichte.de\/wp-content\/uploads\/2026\/02\/097A2497_Protrait_Flathus-e1770045710737-768x534.jpg 768w, https:\/\/www.demokratie-geschichte.de\/wp-content\/uploads\/2026\/02\/097A2497_Protrait_Flathus-e1770045710737-1536x1068.jpg 1536w, https:\/\/www.demokratie-geschichte.de\/wp-content\/uploads\/2026\/02\/097A2497_Protrait_Flathus-e1770045710737-2048x1424.jpg 2048w\" sizes=\"auto, (max-width: 1024px) 100vw, 1024px\" \/><\/figure><div class=\"wp-block-media-text__content\">\n<p><strong>Silje Flathus<br><\/strong>Teamassistenz<br>069 1525 1261<br><a href=\"mailto:s.flathus@dnb.de\">s.flathus@dnb.de<\/a><\/p>\n<\/div><\/div>\n\n\n\n<p><\/p>\n\n\n\n<div class=\"wp-block-media-text is-stacked-on-mobile\"><figure class=\"wp-block-media-text__media\"><img loading=\"lazy\" decoding=\"async\" width=\"1024\" height=\"688\" src=\"https:\/\/www.demokratie-geschichte.de\/wp-content\/uploads\/2025\/01\/Avatar-1024x688-1.png\" alt=\"\" class=\"wp-image-11127 size-full\" srcset=\"https:\/\/www.demokratie-geschichte.de\/wp-content\/uploads\/2025\/01\/Avatar-1024x688-1.png 1024w, https:\/\/www.demokratie-geschichte.de\/wp-content\/uploads\/2025\/01\/Avatar-1024x688-1-300x202.png 300w, https:\/\/www.demokratie-geschichte.de\/wp-content\/uploads\/2025\/01\/Avatar-1024x688-1-768x516.png 768w\" sizes=\"auto, (max-width: 1024px) 100vw, 1024px\" \/><\/figure><div class=\"wp-block-media-text__content\">\n<p><strong>Marie-H\u00e9l\u00e8ne Petzold<br><\/strong>Sachbearbeitung<br>069 1525-1263<br><a href=\"mailto:M.Petzold@dnb.de\">m.petzold@dnb.de<\/a><\/p>\n<\/div><\/div>\n\n\n\n<p><\/p>\n\n\n\n<p><\/p>\n","protected":false},"excerpt":{"rendered":"<p>Die Gesch\u00e4ftsstelle ist Ansprechpartner in allen Fragen der laufenden Stiftungsarbeit. Kontaktieren Sie uns bei Fragen zu Projektantr\u00e4gen, Veranstaltungen, unseren Arbeitsschwerpunkten und Angeboten. Die Gesch\u00e4ftsr\u00e4ume der Stiftung sind in der Deutschen Nationalbibliothek am Standort Frankfurt am Main untergebracht. Frankfurt am Main ist ein Schl\u00fcsselort der deutschen Demokratiegeschichte. So entwarf das erste gesamtdeutsche Parlament 1848\/49 in der [&hellip;]<\/p>\n","protected":false},"author":22,"featured_media":0,"parent":0,"menu_order":23,"comment_status":"closed","ping_status":"closed","template":"","meta":{"footnotes":""},"categories":[],"tags":[],"class_list":["post-9837","page","type-page","status-publish","hentry"],"yoast_head":"<!-- This site is optimized with the Yoast SEO plugin v23.5 - https:\/\/yoast.com\/wordpress\/plugins\/seo\/ -->\n<title>Das Team der Gesch\u00e4ftsstelle - Stiftung Orte der deutschen Demokratiegeschichte<\/title>\n<meta name=\"robots\" content=\"index, follow, max-snippet:-1, max-image-preview:large, max-video-preview:-1\" \/>\n<link rel=\"canonical\" href=\"https:\/\/www.demokratie-geschichte.de\/index.php\/team\/\" \/>\n<meta property=\"og:locale\" content=\"de_DE\" \/>\n<meta property=\"og:type\" content=\"article\" \/>\n<meta property=\"og:title\" content=\"Das Team der Gesch\u00e4ftsstelle - Stiftung Orte der deutschen Demokratiegeschichte\" \/>\n<meta property=\"og:description\" content=\"Die Gesch\u00e4ftsstelle ist Ansprechpartner in allen Fragen der laufenden Stiftungsarbeit. Kontaktieren Sie uns bei Fragen zu Projektantr\u00e4gen, Veranstaltungen, unseren Arbeitsschwerpunkten und Angeboten. Die Gesch\u00e4ftsr\u00e4ume der Stiftung sind in der Deutschen Nationalbibliothek am Standort Frankfurt am Main untergebracht. Frankfurt am Main ist ein Schl\u00fcsselort der deutschen Demokratiegeschichte. So entwarf das erste gesamtdeutsche Parlament 1848\/49 in der [&hellip;]\" \/>\n<meta property=\"og:url\" content=\"https:\/\/www.demokratie-geschichte.de\/index.php\/team\/\" \/>\n<meta property=\"og:site_name\" content=\"Stiftung Orte der deutschen Demokratiegeschichte\" \/>\n<meta property=\"article:modified_time\" content=\"2026-04-07T08:23:59+00:00\" \/>\n<meta property=\"og:image\" content=\"https:\/\/www.demokratie-geschichte.de\/wp-content\/uploads\/2024\/10\/DSC01136-1024x682.jpg\" \/>\n<meta name=\"twitter:card\" content=\"summary_large_image\" \/>\n<meta name=\"twitter:label1\" content=\"Gesch\u00e4tzte Lesezeit\" \/>\n\t<meta name=\"twitter:data1\" content=\"4\u00a0Minuten\" \/>\n<script type=\"application\/ld+json\" class=\"yoast-schema-graph\">{\"@context\":\"https:\/\/schema.org\",\"@graph\":[{\"@type\":\"WebPage\",\"@id\":\"https:\/\/www.demokratie-geschichte.de\/index.php\/team\/\",\"url\":\"https:\/\/www.demokratie-geschichte.de\/index.php\/team\/\",\"name\":\"Das Team der Gesch\u00e4ftsstelle - Stiftung Orte der deutschen Demokratiegeschichte\",\"isPartOf\":{\"@id\":\"https:\/\/www.demokratie-geschichte.de\/index.php\/#website\"},\"primaryImageOfPage\":{\"@id\":\"https:\/\/www.demokratie-geschichte.de\/index.php\/team\/#primaryimage\"},\"image\":{\"@id\":\"https:\/\/www.demokratie-geschichte.de\/index.php\/team\/#primaryimage\"},\"thumbnailUrl\":\"https:\/\/www.demokratie-geschichte.de\/wp-content\/uploads\/2024\/10\/DSC01136-1024x682.jpg\",\"datePublished\":\"2024-06-25T15:24:06+00:00\",\"dateModified\":\"2026-04-07T08:23:59+00:00\",\"breadcrumb\":{\"@id\":\"https:\/\/www.demokratie-geschichte.de\/index.php\/team\/#breadcrumb\"},\"inLanguage\":\"de\",\"potentialAction\":[{\"@type\":\"ReadAction\",\"target\":[\"https:\/\/www.demokratie-geschichte.de\/index.php\/team\/\"]}]},{\"@type\":\"ImageObject\",\"inLanguage\":\"de\",\"@id\":\"https:\/\/www.demokratie-geschichte.de\/index.php\/team\/#primaryimage\",\"url\":\"https:\/\/www.demokratie-geschichte.de\/wp-content\/uploads\/2024\/10\/DSC01136-1024x682.jpg\",\"contentUrl\":\"https:\/\/www.demokratie-geschichte.de\/wp-content\/uploads\/2024\/10\/DSC01136-1024x682.jpg\"},{\"@type\":\"BreadcrumbList\",\"@id\":\"https:\/\/www.demokratie-geschichte.de\/index.php\/team\/#breadcrumb\",\"itemListElement\":[{\"@type\":\"ListItem\",\"position\":1,\"name\":\"Startseite\",\"item\":\"https:\/\/www.demokratie-geschichte.de\/index.php\/\"},{\"@type\":\"ListItem\",\"position\":2,\"name\":\"Das Team der Gesch\u00e4ftsstelle\"}]},{\"@type\":\"WebSite\",\"@id\":\"https:\/\/www.demokratie-geschichte.de\/index.php\/#website\",\"url\":\"https:\/\/www.demokratie-geschichte.de\/index.php\/\",\"name\":\"Stiftung Orte der deutschen Demokratiegeschichte\",\"description\":\"\",\"potentialAction\":[{\"@type\":\"SearchAction\",\"target\":{\"@type\":\"EntryPoint\",\"urlTemplate\":\"https:\/\/www.demokratie-geschichte.de\/index.php\/?s={search_term_string}\"},\"query-input\":{\"@type\":\"PropertyValueSpecification\",\"valueRequired\":true,\"valueName\":\"search_term_string\"}}],\"inLanguage\":\"de\"}]}<\/script>\n<!-- \/ Yoast SEO plugin. -->","yoast_head_json":{"title":"Das Team der Gesch\u00e4ftsstelle - Stiftung Orte der deutschen Demokratiegeschichte","robots":{"index":"index","follow":"follow","max-snippet":"max-snippet:-1","max-image-preview":"max-image-preview:large","max-video-preview":"max-video-preview:-1"},"canonical":"https:\/\/www.demokratie-geschichte.de\/index.php\/team\/","og_locale":"de_DE","og_type":"article","og_title":"Das Team der Gesch\u00e4ftsstelle - Stiftung Orte der deutschen Demokratiegeschichte","og_description":"Die Gesch\u00e4ftsstelle ist Ansprechpartner in allen Fragen der laufenden Stiftungsarbeit. Kontaktieren Sie uns bei Fragen zu Projektantr\u00e4gen, Veranstaltungen, unseren Arbeitsschwerpunkten und Angeboten. Die Gesch\u00e4ftsr\u00e4ume der Stiftung sind in der Deutschen Nationalbibliothek am Standort Frankfurt am Main untergebracht. Frankfurt am Main ist ein Schl\u00fcsselort der deutschen Demokratiegeschichte. So entwarf das erste gesamtdeutsche Parlament 1848\/49 in der [&hellip;]","og_url":"https:\/\/www.demokratie-geschichte.de\/index.php\/team\/","og_site_name":"Stiftung Orte der deutschen Demokratiegeschichte","article_modified_time":"2026-04-07T08:23:59+00:00","og_image":[{"url":"https:\/\/www.demokratie-geschichte.de\/wp-content\/uploads\/2024\/10\/DSC01136-1024x682.jpg"}],"twitter_card":"summary_large_image","twitter_misc":{"Gesch\u00e4tzte Lesezeit":"4\u00a0Minuten"},"schema":{"@context":"https:\/\/schema.org","@graph":[{"@type":"WebPage","@id":"https:\/\/www.demokratie-geschichte.de\/index.php\/team\/","url":"https:\/\/www.demokratie-geschichte.de\/index.php\/team\/","name":"Das Team der Gesch\u00e4ftsstelle - Stiftung Orte der deutschen Demokratiegeschichte","isPartOf":{"@id":"https:\/\/www.demokratie-geschichte.de\/index.php\/#website"},"primaryImageOfPage":{"@id":"https:\/\/www.demokratie-geschichte.de\/index.php\/team\/#primaryimage"},"image":{"@id":"https:\/\/www.demokratie-geschichte.de\/index.php\/team\/#primaryimage"},"thumbnailUrl":"https:\/\/www.demokratie-geschichte.de\/wp-content\/uploads\/2024\/10\/DSC01136-1024x682.jpg","datePublished":"2024-06-25T15:24:06+00:00","dateModified":"2026-04-07T08:23:59+00:00","breadcrumb":{"@id":"https:\/\/www.demokratie-geschichte.de\/index.php\/team\/#breadcrumb"},"inLanguage":"de","potentialAction":[{"@type":"ReadAction","target":["https:\/\/www.demokratie-geschichte.de\/index.php\/team\/"]}]},{"@type":"ImageObject","inLanguage":"de","@id":"https:\/\/www.demokratie-geschichte.de\/index.php\/team\/#primaryimage","url":"https:\/\/www.demokratie-geschichte.de\/wp-content\/uploads\/2024\/10\/DSC01136-1024x682.jpg","contentUrl":"https:\/\/www.demokratie-geschichte.de\/wp-content\/uploads\/2024\/10\/DSC01136-1024x682.jpg"},{"@type":"BreadcrumbList","@id":"https:\/\/www.demokratie-geschichte.de\/index.php\/team\/#breadcrumb","itemListElement":[{"@type":"ListItem","position":1,"name":"Startseite","item":"https:\/\/www.demokratie-geschichte.de\/index.php\/"},{"@type":"ListItem","position":2,"name":"Das Team der Gesch\u00e4ftsstelle"}]},{"@type":"WebSite","@id":"https:\/\/www.demokratie-geschichte.de\/index.php\/#website","url":"https:\/\/www.demokratie-geschichte.de\/index.php\/","name":"Stiftung Orte der deutschen Demokratiegeschichte","description":"","potentialAction":[{"@type":"SearchAction","target":{"@type":"EntryPoint","urlTemplate":"https:\/\/www.demokratie-geschichte.de\/index.php\/?s={search_term_string}"},"query-input":{"@type":"PropertyValueSpecification","valueRequired":true,"valueName":"search_term_string"}}],"inLanguage":"de"}]}},"wps_subtitle":"","_links":{"self":[{"href":"https:\/\/www.demokratie-geschichte.de\/index.php\/wp-json\/wp\/v2\/pages\/9837","targetHints":{"allow":["GET"]}}],"collection":[{"href":"https:\/\/www.demokratie-geschichte.de\/index.php\/wp-json\/wp\/v2\/pages"}],"about":[{"href":"https:\/\/www.demokratie-geschichte.de\/index.php\/wp-json\/wp\/v2\/types\/page"}],"author":[{"embeddable":true,"href":"https:\/\/www.demokratie-geschichte.de\/index.php\/wp-json\/wp\/v2\/users\/22"}],"replies":[{"embeddable":true,"href":"https:\/\/www.demokratie-geschichte.de\/index.php\/wp-json\/wp\/v2\/comments?post=9837"}],"version-history":[{"count":41,"href":"https:\/\/www.demokratie-geschichte.de\/index.php\/wp-json\/wp\/v2\/pages\/9837\/revisions"}],"predecessor-version":[{"id":13485,"href":"https:\/\/www.demokratie-geschichte.de\/index.php\/wp-json\/wp\/v2\/pages\/9837\/revisions\/13485"}],"wp:attachment":[{"href":"https:\/\/www.demokratie-geschichte.de\/index.php\/wp-json\/wp\/v2\/media?parent=9837"}],"wp:term":[{"taxonomy":"category","embeddable":true,"href":"https:\/\/www.demokratie-geschichte.de\/index.php\/wp-json\/wp\/v2\/categories?post=9837"},{"taxonomy":"post_tag","embeddable":true,"href":"https:\/\/www.demokratie-geschichte.de\/index.php\/wp-json\/wp\/v2\/tags?post=9837"}],"curies":[{"name":"wp","href":"https:\/\/api.w.org\/{rel}","templated":true}]}}